6248?
2
What is the hundreds digit of 13847973?
9
What is the units digit of 8735?
5
What is the ten thousands digit of 145336?
4
What is the hundred thousands digit of 15377943?
3
What is the hundreds digit of 21545653?
6
What is the ten millions digit of 17644696?
1
What is the units digit of 74276?
6
What is the units digit of 264494?
4
What is the units digit of 628664?
4
What is the tens digit of 8886201?
0
What is the tens digit of 10242362?
6
What is the units digit of 3718664?
4
What is the hundreds digit of 5473448?
4
What is the tens digit of 9074567?
6
What is the units digit of 44491?
1
What is the ten thousands digit of 18114169?
1
What is the thousands digit of 3131974?
1
What is the millions digit of 19321670?
9
What is the thousands digit of 230744?
0
What is the hundred thousands digit of 680887?
6
What is the ten thousands digit of 230970?
3
What is the hundreds digit of 365022?
0
What is the hundred thousands digit of 7422072?
4
What is the hundred thousands digit of 280977?
2
What is the hundreds digit of 7324216?
2
What is the tens digit of 1833362?
6
What is the hundred thousands digit of 4973366?
9
What is the hundreds digit of 330119?
1
What is the thousands digit of 3615545?
5
What is the thousands digit of 3282383?
2
What is the millions digit of 2739103?
2
What is the hundreds digit of 10291758?
7
What is the thousands digit of 1573021?
3
What is the hundreds digit of 643560?
5
What is the millions digit of 1986847?
1
What is the millions digit of 4741478?
4
What is the ten thousands digit of 6328087?
2
What is the units digit of 1458939?
9
What is the ten thousands digit of 2948683?
4
What is the ten thousands digit of 217609?
1
What is the ten thousands digit of 76965?
7
What is the units digit of 30095255?
5
What is the ten thousands digit of 46980?
4
What is the ten thousands digit of 14731076?
3
What is the hundreds digit of 2405388?
3
What is the hundred thousands digit of 914177?
9
What is the hundred thousands digit of 2025659?
0
What is the millions digit of 1940299?
1
What is the hundreds digit of 478362?
3
What is the millions digit of 16429297?
6
What is the ten thousands digit of 15411784?
1
What is the ten thousands digit of 1824121?
2
What is the hundreds digit of 246886?
8
What is the tens digit of 2146907?
0
What is the tens digit of 7707848?
4
What is the millions digit of 6049584?
6
What is the hundreds digit of 581843?
8
What is the ten thousands digit of 2565954?
6
What is the hundreds digit of 284858?
8
What is the units digit of 1575604?
4
What is the hundreds digit of 156433?
4
What is the tens digit of 36198?
9
What is the hundred thousands digit of 108893?
1
What is the tens digit of 540420?
2
What is the hundred thousands digit of 148566?
1
What is the hundred thousands digit of 3739205?
7
What is the units digit of 372506?
6
What is the thousands digit of 3935724?
5
What is the units digit of 8350103?
3
What is the hundred thousands digit of 349243?
3
What is the thousands digit of 286958?
6
What is the tens digit of 2995547?
4
What is the hundreds digit of 779539?
5
What is the millions digit of 3337311?
3
What is the hundreds digit of 927048?
0
What is the hundreds digit of 958019?
0
What is the ten thousands digit of 15503376?
0
What is the units digit of 3730186?
6
What is the thousands digit of 533026?
3
What is the thousands digit of 1294382?
4
What is the thousands digit of 11249568?
9
What is the ten thousands digit of 1567734?
6
What is the thousands digit of 8408395?
8
What is the thousands digit of 119233?
9
What is the hundred thousands digit of 188791?
1
What is the millions digit of 4197049?
4
What is the units digit of 99837?
7
What is the hundred thousands digit of 4121878?
1
What is the millions digit of 14752201?
4
What is the tens digit of 645685?
8
What is the hundreds digit of 4650137?
1
What is the thousands digit of 236821?
6
What is the tens digit of 483004?
0
What is the millions digit of 12540618?
2
What is the thousands digit of 209085?
9
What is the units digit of 2621249?
9
What is the hundred thousands digit of 399846?
3
What is the ten millions digit of 19442759?
1
What is the tens digit of 187348?
4
What is the hundreds digit of 750871?
8
What is the hundred thousands digit of 366741?
3
What is the thousands digit of 16999603?
9
What is the units digit of 6874539?
9
What is the tens digit of 158126?
2
What is the thousands digit of 210339?
0
What is the ten thousands digit of 602205?
0
What is the units digit of 15564?
4
What is the units digit of 8392?
2
What is the millions digit of 2340692?
2
What is the millions digit of 4577166?
4
What is the hundred thousands digit of 153920?
1
What is the millions digit of 11786120?
1
What is the tens digit of 690319?
1
What is the ten thousands digit of 384059?
8
What is the hundred thousands digit of 701146?
7
What is the thousands digit of 235324?
5
What is the ten thousands digit of 2512961?
1
What is the hundreds digit of 229040?
0
What is the ten thousands digit of 311759?
1
What is the hundred thousands digit of 6955765?
9
What is the tens digit of 908563?
6
What is the units digit of 15171434?
4
What is the millions digit of 10016517?
0
What is the ten millions digit of 26425278?
2
What is the thousands digit of 8474530?
4
What is the hundred thousands digit of 16373715?
3
What is the hundred thousands digit of 1264444?
2
What is the hundred thousands digit of 1019396?
0
What is the ten thousands digit of 111816?
1
What is the tens digit of 1415249?
4
What is the hundreds digit of 261914?
9
What is the ten thousands digit of 228137?
2
What is the units digit of 46600?
0
What is the tens digit of 3123209?
0
What is the hundred thousands digit of 19625707?
6
What is the hundreds digit of 2035348?
3
What is the millions digit of 2945278?
2
What is the hundred thousands digit of 15257278?
2
What is the hundreds digit of 2226467?
4
What is the thousands digit of 795119?
5
What is the tens digit of 270656?
5
What is the thousands digit of 36474?
6
What is the hundreds digit of 1401928?
9
What is the units digit of 9066354?
4
What is the millions digit of 4586130?
4
What is the millions digit of 5799333?
5
What is the thousands digit of 1692953?
2
What is the thousands digit of 514960?
4
What is the hundreds digit of 7279991?
9
What is the units digit of 18258061?
1
What is the hundred thousands digit of 4571640?
5
What is the hundreds digit of 1470954?
9
What is the units digit of 1206544?
4
What is the hundreds digit of 198547?
5
What is the tens digit of 41678?
7
What is the hundred thousands digit of 1733069?
7
What is the ten thousands digit of 834262?
3
What is the thousands digit of 2808738?
8
What is the tens digit of 30330013?
1
What is the tens digit of 8905430?
3
What is the ten thousands digit of 410187?
1
What is the units digit of 835956?
6
What is the hundreds digit of 3251067?
0
What is the tens digit of 1599263?
6
What is the tens digit of 3995303?
0
What is the hundreds digit of 855533?
5
What is the ten thousands digit of 921722?
2
What is the thousands digit of 374235?
4
What is the tens digit of 3804182?
8
What is the millions digit of 1749704?
1
What is the thousands digit of 433117?
3
What is the ten thousands digit of 18505402?
0
What is the units digit of 1243128?
8
What is the millions digit of 9037296?
9
What is the thousands digit of 13760233?
0
What is the units digit of 7741735?
5
What is the hundred thousands digit of 959715?
9
What is the tens digit of 398525?
2
What is the millions digit of 1665676?
1
What is the ten thousands digit of 328432?
2
What is the units digit of 132545?
5
What is the units digit of 2040384?
4
What is the tens digit of 477844?
4
What is the hundreds digit of 521316?
3
What is the ten thousands digit of 13639149?
3
What is the tens digit of 688001?
0
What is the millions digit of 32253504?
2
What is the units digit of 8617970?
0
What is the thousands digit of 3534155?
4
What is the thousands digit of 794577?
4
What is the hundred thousands digit of 194276?
1
What is the units digit of 3045378?
8
What is the hundred thousands digit of 4257878?
2
What is the tens digit of 5333107?
0
What is the units digit of 1145400?
0
What is the tens digit of 95428?
2
Wh